ate the highest common divisor of 245 and 28028.
49
What is the greatest common factor of 968220 and 10?
10
What is the highest common factor of 85 and 105605?
5
What is the greatest common factor of 832 and 846656?
64
Calculate the highest common divisor of 12753 and 71721.
117
What is the highest common factor of 3705 and 2405?
65
What is the greatest common factor of 82080 and 140?
20
What is the greatest common divisor of 472745 and 10010?
455
What is the highest common divisor of 637 and 8967?
49
What is the highest common divisor of 10217 and 4808?
601
Calculate the highest common factor of 156 and 837356.
52
Calculate the highest common divisor of 12802 and 1406.
74
What is the greatest common divisor of 1 and 8017?
1
What is the highest common divisor of 48986 and 210?
14
Calculate the highest common divisor of 15 and 260385.
15
What is the highest common divisor of 740 and 780?
20
Calculate the highest common divisor of 81725 and 1330.
35
Calculate the greatest common divisor of 450 and 59350.
50
What is the greatest common divisor of 2349 and 12963?
87
Calculate the greatest common divisor of 13671 and 1674.
279
What is the highest common divisor of 570 and 35790?
30
What is the greatest common divisor of 684 and 54948?
228
What is the greatest common factor of 356 and 465025?
89
Calculate the greatest common factor of 66 and 312477.
33
What is the greatest common factor of 40 and 59560?
40
What is the greatest common factor of 3267 and 29511?
27
What is the greatest common divisor of 28170 and 190?
10
What is the highest common factor of 105138 and 81?
81
Calculate the greatest common factor of 51 and 64243.
17
Calculate the highest common divisor of 27783 and 891.
81
Calculate the highest common divisor of 1836 and 135.
27
What is the highest common factor of 351977 and 1149?
383
What is the greatest common divisor of 71248 and 142204?
292
Calculate the greatest common factor of 610 and 29646.
122
What is the highest common factor of 858607 and 1333?
31
Calculate the greatest common divisor of 568455 and 60.
15
Calculate the highest common divisor of 368 and 674797.
23
What is the highest common factor of 37449 and 5643?
513
What is the highest common factor of 497403 and 204?
51
Calculate the highest common factor of 9225 and 334683.
369
What is the greatest common divisor of 1888 and 10915?
59
Calculate the highest common factor of 72024 and 1056.
24
What is the greatest common divisor of 205791 and 3?
3
What is the greatest common divisor of 771 and 185297?
257
Calculate the greatest common divisor of 8697 and 21631.
223
Calculate the greatest common factor of 1449 and 60375.
483
Calculate the greatest common divisor of 105184 and 2432.
608
What is the greatest common factor of 34093 and 2648?
331
Calculate the greatest common divisor of 666332 and 1312.
164
What is the greatest common factor of 212 and 535?
1
What is the greatest common divisor of 3 and 19158?
3
What is the greatest common factor of 19224 and 688?
8
What is the greatest common factor of 7553 and 59843?
581
What is the highest common divisor of 973 and 23?
1
What is the highest common factor of 255 and 29265?
15
What is the highest common divisor of 5754 and 10514?
14
Calculate the highest common divisor of 52 and 522028.
52
What is the greatest common divisor of 197790 and 570?
570
What is the highest common factor of 55 and 67881?
11
Calculate the highest common factor of 11 and 5367.
1
What is the highest common divisor of 951 and 44063?
317
What is the highest common divisor of 4985982 and 54?
54
Calculate the greatest common factor of 1603 and 131675.
229
Calculate the greatest common factor of 7 and 2859.
1
What is the highest common divisor of 387 and 145641?
129
What is the greatest common factor of 11 and 1317393?
11
What is the highest common divisor of 10 and 1502?
2
What is the highest common divisor of 1331 and 5181?
11
What is the highest common factor of 272 and 848912?
272
Calculate the greatest common divisor of 67892 and 33.
11
What is the greatest common divisor of 4806 and 144?
18
Calculate the highest common divisor of 96 and 5226784.
32
What is the greatest common divisor of 2205 and 128695?
35
What is the highest common divisor of 1435 and 88232?
41
What is the greatest common divisor of 451507 and 53?
53
Calculate the highest common factor of 104988 and 44.
4
Calculate the greatest common divisor of 18 and 78408.
18
Calculate the greatest common factor of 138476 and 104.
52
Calculate the greatest common divisor of 4020 and 3234090.
2010
Calculate the greatest common factor of 3726 and 39813.
69
What is the greatest common factor of 4 and 877922?
2
Calculate the greatest common divisor of 640 and 11440.
80
What is the highest common factor of 139158 and 189?
27
What is the highest common factor of 22 and 264?
22
What is the greatest common factor of 784 and 1024?
16
Calculate the greatest common factor of 297 and 33935.
11
Calculate the greatest common factor of 2001260 and 3760.
940
Calculate the highest common divisor of 10 and 1412785.
5
Calculate the greatest common divisor of 264 and 373956.
132
Calculate the greatest common factor of 192584 and 56.
56
What is the highest common divisor of 80 and 109770?
10
What is the greatest common factor of 2904 and 186582?
726
What is the greatest common divisor of 28352 and 1248?
32
What is the highest common divisor of 184938 and 78?
78
What is the highest common divisor of 106701 and 147?
21
What is the highest common factor of 430 and 7757630?
430
Calculate the highest common divisor of 174198 and 48.
6
Calculate the greatest common divisor of 12464 and 57.
19
Calculate the greatest common factor of 872740 and 550.
110
What is the greatest common divisor of 14396 and 12508?
236
What is the greatest common factor of 4171 and 731?
43
Calculate the highest common divisor of 70615 and 12760.
145
What is the highest common divisor of 454405 and 245?
35
Calculate the greatest common divisor of 310 and 7378.
62
What is the greatest common factor of 52581 and 50519?
1031
What is the greatest common divisor of 23 and 4340583?
23
Calculate the highest common divisor of 104000 and 1560.
520
Calculate the highest common factor of 9 and 23337.
9
What is the greatest common factor of 585327 and 7038?
1173
What is the greatest common factor of 150 and 658300?
50
Calculate the greatest common divisor of 325 and 6070.
5
Calculate the greatest common factor of 6804 and 37656.
36
What is the greatest common factor of 1526 and 153363?
763
Calculate the greatest common divisor of 224 and 512344.
56
What is the greatest common factor of 112 and 85246?
14
What is the greatest common factor of 537125 and 500?
125
Calculate the highest common factor of 252 and 590324.
28
What is the highest common factor of 454332 and 12?
12
What is the greatest common divisor of 4927 and 4303?
13
What is the greatest common divisor of 192 and 22434?
6
Calculate the highest common factor of 176131 and 356.
89
Calculate the highest common factor of 1785 and 2377977.
357
What is the highest common factor of 2421719 and 21765?
1451
What is the highest common factor of 92 and 944?
4
What is the highest common divisor of 2604 and 14?
14
Calculate the greatest common divisor of 7017 and 75.
3
What is the highest common divisor of 864 and 2628?
36
What is the greatest common factor of 592375 and 375?
125
What is the highest common factor of 1467 and 169683?
489
What is the greatest common divisor of 27 and 96489?
9
What is the highest common factor of 4788 and 4068?
36
What is the greatest common factor of 387 and 30616?
43
What is the highest common factor of 132 and 366?
6
What is the highest common divisor of 144 and 7248?
48
What is the greatest common divisor of 120 and 3983736?
24
What is the highest common divisor of 16476 and 804?
12
Calculate the highest common factor of 944 and 208.
16
What is the greatest common factor of 272295 and 27?
27
Calculate the greatest common factor of 2878 and 50.
2
What is the greatest common divisor of 290 and 4857442?
58
Calculate the greatest common factor of 437525 and 220.
55
What is the highest common factor of 25695 and 9?
9
Calculate the greatest common factor of 16207 and 247.
19
What is